18?
18
Suppose -39*x + 70918 + 25958 = 0. Calculate the greatest common divisor of x and 184.
92
Let k(n) = -n + 34. Let o be k(17). Suppose -139 - o = -2*s. What is the greatest common factor of s and 52?
26
Let m(q) = -2*q - 4. Let c be m(-3). Let r be (1/(-2))/(c/(-16)). Let v = r + 3. What is the greatest common factor of 77 and v?
7
Suppose -2*m + 3 + 39 = 0. Let l = 19 + -16. Suppose -138 = -3*w + l*i, -6*i + i + 148 = 4*w. Calculate the greatest common divisor of w and m.
21
Let n(j) = -35*j**3 + 9*j**2 + 12*j + 13. Let l be n(-2). Calculate the greatest common factor of l and 20.
5
Let r(y) = 30*y**2 + 6*y - 5. Let z be r(1). Calculate the greatest common divisor of 403 and z.
31
Let f be (-3)/(-24)*-4*-180. Calculate the highest common divisor of f and 25.
5
Let t(m) = -3*m**2 - 42*m + 3. Let n be t(-13). What is the greatest common divisor of n and 42?
42
Let n = 1 - 1. Let k be 0 + (2 - n) + -2. Suppose i - 2*s - 91 = -k*i, 0 = -s. What is the greatest common divisor of 13 and i?
13
Let b be (-6)/(-33) + 20/11. Suppose -4*h - b*r + 30 + 198 = 0, -5*h + 292 = -r. Calculate the greatest common divisor of 87 and h.
29
Suppose 0*u + 3*u = 48. Let w = 37 - u. Let q = w - -15. Calculate the greatest common divisor of 90 and q.
18
Let a = 59 - 27. Suppose 3*p = 2*p - 5*x + a, 2*p = 4*x - 6. What is the greatest common factor of p and 1?
1
Let i = 2 + 4. Suppose 4*z - i*z + 48 = 0. Let q be ((-14)/6 + 2)/(10/(-360)). What is the highest common divisor of z and q?
12
Let r be (-5751)/(-923) - (-3)/(-13). Calculate the greatest common divisor of r and 1038.
6
Suppose 913 = 5*r - 127. Calculate the highest common divisor of 26 and r.
26
Suppose -3*q = 9 + 6. Let u(g) = g**2 + 3*g + 10. Let c be u(q). Suppose -4*s - c = -60. Calculate the highest common divisor of 20 and s.
10
Suppose -2*l + 7*l = 0. Let h be (-105)/20*(l + (-120)/9). What is the greatest common divisor of h and 14?
14
Let g(x) = -x - 2 + 2*x**2 + 15*x**2 + 2*x + 2*x. Let f be g(1). What is the greatest common factor of 27 and f?
9
Let j(z) = 1684*z - 1693*z + 21 + 5*z**2 + 10*z**2. Let u be j(3). What is the greatest common factor of u and 86?
43
Let d = 15 + 1. Let l = 308 + -284. What is the greatest common divisor of d and l?
8
Let d = 264 + -253. What is the greatest common divisor of d and 99?
11
Let i = 399 + -350. What is the greatest common divisor of 588 and i?
49
Let i be 1 - 0 - (-21 + 1). Suppose -41 = -3*m - 8. Suppose m*r = 6*r + 70. What is the highest common factor of i and r?
7
Suppose -19*x - 10234 = -36*x. What is the greatest common factor of x and 14?
14
Suppose s + s - 2*w - 38 = 0, 2*s - 43 = -3*w. Calculate the highest common factor of 80 and s.
20
Let y = -1084 + 1582. Let v = -355 + y. Calculate the greatest common factor of 13 and v.
13
Let x(g) = 44*g - 380. Let m be x(21). Calculate the highest common divisor of 64 and m.
32
Suppose -l = -2*x - 4*l + 653, 332 = x - 4*l. What is the highest common divisor of x and 41?
41
Let a(w) = 8*w**2 - 5*w + 3. Let m = -60 + 57. Let y be a(m). What is the greatest common divisor of y and 15?
15
Let o = 150 - -33. What is the highest common divisor of o and 3?
3
Let r(v) = v**3 - 3*v**2 + 4*v + 5. Let h be r(3). Let q = -3 + 10. Let y = h - q. What is the highest common divisor of y and 15?
5
Suppose 5*x - 2*x + 1500 = 0. Let m be (3/(-2))/(15/x). Let h = 16 + -6. Calculate the highest common divisor of h and m.
10
Suppose 9 + 13 = n. Suppose -2*v = 4*f - n, -v + 44 = 3*f - 5*v. What is the highest common factor of f and 2?
2
Suppose 47*n + 43*n - 3029 = 571. Suppose 28 + 4 = 4*v. What is the highest common factor of n and v?
8
Let k = -1055 - -1105. Let m = 195 + 355. Calculate the greatest common divisor of m and k.
50
Suppose 0 = 5*k + 16*k - 2205. What is the highest common divisor of 15 and k?
15
Let f(p) be the third derivative of -5*p**2 + 0 + 1/12*p**4 + 0*p - p**3. Let n be f(8). Calculate the highest common factor of n and 4.
2
Let z = 619 - 591. Calculate the highest common divisor of 322 and z.
14
Let q be (16/(-10))/((-8)/100). Suppose z + 6 - q = 0. Calculate the greatest common factor of z and 126.
14
Suppose 341 = v - c, -122 = -v - 2*c + 204. Calculate the highest common factor of 64 and v.
16
Let f = 89 + -42. Calculate the highest common divisor of f and 235.
47
Suppose 109*z - 112*z + 57 = 0. What is the highest common factor of z and 817?
19
Suppose 14*d - 12 - 492 = 0. What is the greatest common factor of 252 and d?
36
Let r = 8 - -47. Let p = 60 - 38. Calculate the greatest common factor of r and p.
11
Suppose 70 = 3*p - 5*p. Let o be 55/7 + (-5)/p. What is the greatest common divisor of 64 and o?
8
Let q be (-248)/(-10) - (-56)/(-70). Calculate the greatest common factor of 60 and q.
12
Suppose 2*s + 6 = 64. Let g = -97 - -167. Suppose -h - 3*x = -g, x + 286 = 2*h + 3*h. What is the greatest common factor of h and s?
29
Let v be 130/(-39) + 840/9. What is the greatest common divisor of v and 315?
45
Suppose 0 = f + 2*p - 124, -13*p + 11*p + 240 = 2*f. What is the greatest common factor of 87 and f?
29
Let r be 0 + 4 + -8 + 145. Let j be (-5 + 76)/(3/(-3)). Let c = j + r. Calculate the greatest common divisor of c and 7.
7
Let s = -6 - -8. Suppose s*r + 4 = i + 2, -r + 4 = 0. Let x(n) = n**3 - 10*n**2 + 14*n + 3. Let z be x(i). Calculate the greatest common divisor of 13 and z.
13
Let y be (-218)/(-18) - (2 + -6)/(-36). What is the greatest common factor of 672 and y?
12
Let s(y) = -y**2 + 7*y - 9. Let m be s(4). Suppose 0 = m*q - 334 + 94. Calculate the highest common factor of 10 and q.
10
Let c be (-30)/(-24) + (-58)/8 + 1071. Calculate the highest common divisor of c and 15.
15
Let p be (-4 + 3)/((-5)/265). Let c = p + -33. Calculate the highest common divisor of 60 and c.
20
Let u(g) = 4*g**2 - g. Suppose -2*c - 1 - 7 = -3*k, 3 = -3*c. Let t be u(k). Suppose 2*f - 5*f - v = -336, 0 = v. What is the highest common factor of f and t?
14
Let o be (-4 - (-1820)/25)*5. Let k be (1 - -1) + o/4. Calculate the greatest common divisor of k and 11.
11
Let h = 9 + -7. Suppose w + h*r - 16 = 0, -3*r = -w + 2 + 14. Calculate the highest common divisor of 144 and w.
16
Let b(q) = q**2 - q + 16. Let g be b(0). Let r(k) = 8*k + 26. Let h be r(g). What is the highest common divisor of h and 14?
14
Suppose 0 = -6*r + 3 + 3. Suppose 0 = -3*b + 6*b + 18. Let a be (-9)/b*28/6. Calculate the greatest common factor of a and r.
1
Let t(m) = -m**2 - 19*m + 28. Let q be t(-20). Suppose -q*g + 72 + 120 = 0. What is the highest common divisor of 24 and g?
24
Let y(x) = 34*x**2 + 5*x - 5. Let p be y(1). Let d = p + 137. What is the highest common divisor of 19 and d?
19
Suppose 5*p = 50 - 15. Let u(w) = w + 15. Let c be u(p). Suppose 0 = -4*v + 5*d + 112, -50 = -2*v + d + 3*d. Calculate the greatest common divisor of v and c.
11
Suppose 3*z + 2*a - 167 = 0, 0 = -5*z + a + 3*a + 271. What is the highest common divisor of z and 22?
11
Suppose -2*u = 4*m - 978, 3*u - 13*m + 15*m - 1459 = 0. What is the greatest common divisor of u and 194?
97
Suppose 3*g - 2*m + m = 116, -5*g + 165 = 4*m. Suppose -5*v + 3 = -g. Suppose -105 = -v*p + 3*p. Calculate the greatest common divisor of 168 and p.
21
Suppose 3*m - 1050 = -7*m. Calculate the highest common divisor of m and 595.
35
Let r = 492 - 473. Let p(m) = 28*m + 2. Let s be p(4). What is the greatest common factor of r and s?
19
Suppose 3 = 5*s - 7. Let p = s - 0. What is the greatest common factor of p and 16?
2
Suppose 1019 = 5*u + 359. Calculate the highest common divisor of u and 12.
12
Suppose -61 = -b - 9. Suppose 4*s = 4*n - b, -n + 4 = 2*s - 0. Let d(a) = -a**3 + 7*a**2 + 34. Let c be d(6). Calculate the greatest common divisor of c and n.
10
Let z = 24 - 15. Let c be 4/12 - 228/z. Let v be 1*-5*5/c. What is the greatest common factor of v and 2?
1
Let n be (-550)/40 - 2/8. Let w = 16 + n. Suppose -7*q = -w*q - 5. What is the highest common divisor of q and 5?
1
Let v be (-1 - -4)*(-33)/(-9). Let j be (-135)/(-6)*594/135. Calculate the greatest common factor of v and j.
11
Suppose 111*d - 98*d = 52. Calculate the highest common divisor of 3 and d.
1
Let b(y) = 8*y - 10. Let i be b(3). Let p be (12/4 + -4)*-154. What is the highest common divisor of i and p?